{"id":163,"date":"2024-01-05T10:07:48","date_gmt":"2024-01-05T09:07:48","guid":{"rendered":"http:\/\/nmbcpmj.cluster029.hosting.ovh.net\/?page_id=163"},"modified":"2025-08-28T11:51:08","modified_gmt":"2025-08-28T09:51:08","slug":"mutuelle","status":"publish","type":"page","link":"https:\/\/courtiassur.fr\/index.php\/accueil\/les-produits-dassurances\/mutuelle\/","title":{"rendered":"Mutuelle"},"content":{"rendered":"\n<figure class=\"wp-block-image aligncenter size-large is-resized\"><img loading=\"lazy\" decoding=\"async\" width=\"1024\" height=\"684\" src=\"https:\/\/courtiassur.fr\/wp-content\/uploads\/2025\/08\/2149191361-1024x684.jpg\" alt=\"\" class=\"wp-image-647\" style=\"width:390px;height:auto\" srcset=\"https:\/\/courtiassur.fr\/wp-content\/uploads\/2025\/08\/2149191361-1024x684.jpg 1024w, https:\/\/courtiassur.fr\/wp-content\/uploads\/2025\/08\/2149191361-300x200.jpg 300w, https:\/\/courtiassur.fr\/wp-content\/uploads\/2025\/08\/2149191361-768x513.jpg 768w, https:\/\/courtiassur.fr\/wp-content\/uploads\/2025\/08\/2149191361-1536x1025.jpg 1536w, https:\/\/courtiassur.fr\/wp-content\/uploads\/2025\/08\/2149191361.jpg 2000w\" sizes=\"auto, (max-width: 1024px) 100vw, 1024px\" \/><\/figure>\n\n\n\n<h3 class=\"wp-block-heading\"><strong>Qu\u2019est-ce qu\u2019une mutuelle sant\u00e9 ?<\/strong><\/h3>\n\n\n\n<p>La mutuelle sant\u00e9, aussi appel\u00e9e compl\u00e9mentaire sant\u00e9, est une assurance qui&nbsp;<strong>compl\u00e8te les remboursements de la S\u00e9curit\u00e9 sociale<\/strong>. Elle prend en charge tout ou partie des frais m\u00e9dicaux non couverts : consultations, hospitalisation, soins dentaires, optiques, etc.<\/p>\n\n\n\n<div style=\"height:20px\" aria-hidden=\"true\" class=\"wp-block-spacer\"><\/div>\n\n\n\n<h3 class=\"wp-block-heading\"><strong>Pour qui ?<\/strong><\/h3>\n\n\n\n<ul class=\"wp-block-list\">\n<li>Les familles souhaitant une couverture globale<\/li>\n\n\n\n<li>Les seniors avec des besoins m\u00e9dicaux sp\u00e9cifiques<\/li>\n\n\n\n<li>Les jeunes actifs ou \u00e9tudiants<\/li>\n\n\n\n<li>Les travailleurs ind\u00e9pendants ou professions lib\u00e9rales<\/li>\n<\/ul>\n\n\n\n<div style=\"height:20px\" aria-hidden=\"true\" class=\"wp-block-spacer\"><\/div>\n\n\n\n<h3 class=\"wp-block-heading\"><strong>Pourquoi souscrire une mutuelle ?<\/strong><\/h3>\n\n\n\n<ul class=\"wp-block-list\">\n<li>R\u00e9duction des&nbsp;<strong>frais de sant\u00e9 \u00e0 votre charge<\/strong><\/li>\n\n\n\n<li>Acc\u00e8s \u00e0 des&nbsp;<strong>soins de qualit\u00e9<\/strong>&nbsp;sans renoncer pour des raisons financi\u00e8res<\/li>\n\n\n\n<li>Meilleure prise en charge des postes co\u00fbteux : optique, dentaire, audiologie<\/li>\n\n\n\n<li>S\u00e9r\u00e9nit\u00e9 en cas d\u2019hospitalisation ou de traitement long<\/li>\n<\/ul>\n\n\n\n<div style=\"height:20px\" aria-hidden=\"true\" class=\"wp-block-spacer\"><\/div>\n\n\n\n<h3 class=\"wp-block-heading\"><strong>Que couvre une mutuelle sant\u00e9 ?<\/strong><\/h3>\n\n\n\n<ul class=\"wp-block-list\">\n<li><strong>Consultations m\u00e9dicales<\/strong>&nbsp;(g\u00e9n\u00e9ralistes et sp\u00e9cialistes)<\/li>\n\n\n\n<li><strong>M\u00e9dicaments<\/strong>&nbsp;prescrits<\/li>\n\n\n\n<li><strong>Hospitalisation<\/strong>&nbsp;(frais de s\u00e9jour, chambre particuli\u00e8re)<\/li>\n\n\n\n<li><strong>Soins dentaires<\/strong>&nbsp;(proth\u00e8ses, orthodontie)<\/li>\n\n\n\n<li><strong>Optique<\/strong>&nbsp;(lunettes, lentilles, chirurgie)<\/li>\n\n\n\n<li><strong>Appareillage auditif<\/strong><\/li>\n<\/ul>\n\n\n\n<div style=\"height:20px\" aria-hidden=\"true\" class=\"wp-block-spacer\"><\/div>\n\n\n\n<h3 class=\"wp-block-heading\"><strong>Quel type de contrat ?<\/strong><\/h3>\n\n\n\n<ul class=\"wp-block-list\">\n<li>Contrat individuel : une couverture pour un particulier (assur\u00e9 isol\u00e9, en couple ou en famille) et un travailleur non salari\u00e9 (TNS)<\/li>\n\n\n\n<li>Contrat collectif : une couverture pour l&rsquo;ensemble des salari\u00e9s de l&rsquo;entreprise. Ce contrat est pay\u00e9 en partie par l&#8217;employeur (au minimum 50%) ou dans son int\u00e9gralit\u00e9.<\/li>\n<\/ul>\n\n\n\n<p>Pour les travailleurs non salari\u00e9s &amp; ind\u00e9pendants (TNS), le contrat est \u00e9ligible en <strong><a href=\"https:\/\/courtiassur.fr\/index.php\/loi-madelin\/\" data-type=\"page\" data-id=\"700\">Loi Madelin<\/a><\/strong><\/p>\n\n\n\n<div style=\"height:20px\" aria-hidden=\"true\" class=\"wp-block-spacer\"><\/div>\n\n\n\n<h3 class=\"wp-block-heading\"><strong>Besoin d\u2019un conseil ?<\/strong><\/h3>\n\n\n\n<p><a href=\"https:\/\/courtiassur.fr\/index.php\/accueil\/contact\/\" data-type=\"page\" data-id=\"46\">Contactez-nous<\/a> pour une&nbsp;<strong>\u00e9tude gratuite<\/strong>&nbsp;de votre situation et recevez une&nbsp;<strong>proposition sur mesure<\/strong>.<\/p>\n\n\n\n<p><\/p>\n","protected":false},"excerpt":{"rendered":"<p>Qu\u2019est-ce qu\u2019une mutuelle sant\u00e9 ? La mutuelle sant\u00e9, aussi appel\u00e9e compl\u00e9mentaire sant\u00e9, est une assurance qui&nbsp;compl\u00e8te les remboursements de la [&hellip;]<\/p>\n","protected":false},"author":1,"featured_media":0,"parent":42,"menu_order":0,"comment_status":"closed","ping_status":"closed","template":"","meta":{"site-sidebar-layout":"default","site-content-layout":"","ast-site-content-layout":"","site-content-style":"default","site-sidebar-style":"default","ast-global-header-display":"","ast-banner-title-visibility":"","ast-main-header-display":"","ast-hfb-above-header-display":"","ast-hfb-below-header-display":"","ast-hfb-mobile-header-display":"","site-post-title":"","ast-breadcrumbs-content":"","ast-featured-img":"","footer-sml-layout":"","theme-transparent-header-meta":"","adv-header-id-meta":"","stick-header-meta":"","header-above-stick-meta":"","header-main-stick-meta":"","header-below-stick-meta":"","astra-migrate-meta-layouts":"default","ast-page-background-enabled":"default","ast-page-background-meta":{"desktop":{"background-color":"var(--ast-global-color-4)","background-image":"","background-repeat":"repeat","background-position":"center center","background-size":"auto","background-attachment":"scroll","background-type":"","background-media":"","overlay-type":"","overlay-color":"","overlay-gradient":""},"tablet":{"background-color":"","background-image":"","background-repeat":"repeat","background-position":"center center","background-size":"auto","background-attachment":"scroll","background-type":"","background-media":"","overlay-type":"","overlay-color":"","overlay-gradient":""},"mobile":{"background-color":"","background-image":"","background-repeat":"repeat","background-position":"center center","background-size":"auto","background-attachment":"scroll","background-type":"","background-media":"","overlay-type":"","overlay-color":"","overlay-gradient":""}},"ast-content-background-meta":{"desktop":{"background-color":"var(--ast-global-color-5)","background-image":"","background-repeat":"repeat","background-position":"center center","background-size":"auto","background-attachment":"scroll","background-type":"","background-media":"","overlay-type":"","overlay-color":"","overlay-gradient":""},"tablet":{"background-color":"var(--ast-global-color-5)","background-image":"","background-repeat":"repeat","background-position":"center center","background-size":"auto","background-attachment":"scroll","background-type":"","background-media":"","overlay-type":"","overlay-color":"","overlay-gradient":""},"mobile":{"background-color":"var(--ast-global-color-5)","background-image":"","background-repeat":"repeat","background-position":"center center","background-size":"auto","background-attachment":"scroll","background-type":"","background-media":"","overlay-type":"","overlay-color":"","overlay-gradient":""}},"footnotes":""},"class_list":["post-163","page","type-page","status-publish","hentry"],"jetpack_sharing_enabled":true,"_links":{"self":[{"href":"https:\/\/courtiassur.fr\/index.php\/wp-json\/wp\/v2\/pages\/163","targetHints":{"allow":["GET"]}}],"collection":[{"href":"https:\/\/courtiassur.fr\/index.php\/wp-json\/wp\/v2\/pages"}],"about":[{"href":"https:\/\/courtiassur.fr\/index.php\/wp-json\/wp\/v2\/types\/page"}],"author":[{"embeddable":true,"href":"https:\/\/courtiassur.fr\/index.php\/wp-json\/wp\/v2\/users\/1"}],"replies":[{"embeddable":true,"href":"https:\/\/courtiassur.fr\/index.php\/wp-json\/wp\/v2\/comments?post=163"}],"version-history":[{"count":13,"href":"https:\/\/courtiassur.fr\/index.php\/wp-json\/wp\/v2\/pages\/163\/revisions"}],"predecessor-version":[{"id":716,"href":"https:\/\/courtiassur.fr\/index.php\/wp-json\/wp\/v2\/pages\/163\/revisions\/716"}],"up":[{"embeddable":true,"href":"https:\/\/courtiassur.fr\/index.php\/wp-json\/wp\/v2\/pages\/42"}],"wp:attachment":[{"href":"https:\/\/courtiassur.fr\/index.php\/wp-json\/wp\/v2\/media?parent=163"}],"curies":[{"name":"wp","href":"https:\/\/api.w.org\/{rel}","templated":true}]}}